*v - 179 = d - 710. Is d a prime number?
False
Let q(p) = 314*p + 25. Let n(v) = v**3 + 19*v**2 + 16*v - 24. Let w be n(-18). Is q(w) prime?
True
Let f be 14/(-4) + 34/4. Suppose f*s = -25, 6*q - 3*q - 60772 = 5*s. Is q prime?
True
Let n(r) = -80850*r + 4439. Is n(-7) prime?
True
Let v(k) = 2*k**3 - 21*k**2 - 3*k - 282. Is v(28) prime?
False
Let x be (-19)/(-4) + 1/4. Let c be 117/468 + (2 - 13158/(-8)). Suppose k + c = 2*h, -x*h - 2*k + 4100 = -k. Is h prime?
True
Suppose -5*d = -6 + 11. Let u be 50/18 + (-22)/(-18) + d. Suppose -u*n = -4*n + 77. Is n a prime number?
False
Let z be (-177765)/(-28) + 12/(-16). Suppose b - 2683 = z. Is b composite?
True
Suppose 4*y - 67 - 750 = 3*g, 4*g = 4*y - 1092. Let d = g + 1141. Suppose d + 546 = 4*m. Is m a prime number?
True
Let m = 5937 + -3231. Let k = m + -1729. Is k a prime number?
True
Let l = 251068 + -52847. Is l a prime number?
True
Let v(z) = 2*z**3 + 54*z**2 - 57*z - 26. Let f be v(-28). Suppose 6940 = 4*i + f*y, -3*y - 14162 = -5*i - 5509. Is i composite?
False
Let t(a) = 7*a**2 + 10*a - 8. Let i(h) = h**3 + 2*h**2 - 9*h - 6. Let q be i(-4). Let u be 10 - (q - (-4 - -3)). Is t(u) a composite number?
True
Let s(q) = 3*q + 42 - 3*q + 91 - 85*q. Is s(-18) composite?
False
Let y be (-4)/2 - 16/(-4). Suppose -8643 = -4*b + y*h + 1365, b - 4*h = 2495. Is b a composite number?
False
Let g be (1*31)/(76/2356). Let b = g - -4248. Is b composite?
False
Let o(a) = 2*a**3 + 196*a**2 - 188*a + 411. Is o(-89) a prime number?
True
Suppose -4*q = -q - 6. Let m(i) = 539*i - 16. Let p(l) = 1887*l - 55. Let r(v) = 18*m(v) - 5*p(v). Is r(q) composite?
False
Let p = 10656 + -9097. Is p prime?
True
Let s(c) = -c**3 - 31*c**2 - 57*c + 15. Let m be s(-29). Is (-68)/(-119) + (-53598)/m a composite number?
True
Let l be (-3)/(14/4 - (-2 - -6)). Suppose -1966 = -l*u + 5966. Is u prime?
False
Let x be (-3 - -33)/5 - 2264. Let s = x + 3859. Is s prime?
True
Let h(r) = 1688*r - 17. Let z(m) = 34*m - 164. Let u be z(5). Is h(u) composite?
False
Let s(a) = 13*a + 2. Let l be s(0). Suppose -5*v = 3*g + g - 819, l*v = 5*g - 1065. Is g prime?
True
Suppose g + 4*u - 12676 - 3827 = 0, 0 = 4*g - u - 66080. Is g prime?
True
Let w be -2 + 1 - (-12 - 1821). Suppose -w*g + 29630 = -1830*g. Is g composite?
True
Let p = -184 - -178. Is 17764/12 + p/(-9) composite?
False
Let x(u) = 126*u**3 + 12*u**2 - 15*u + 235. Is x(10) prime?
False
Let h(s) = 79*s**2 + 3*s - 17. Let l = -38 + 48. Let k = l + -15. Is h(k) a prime number?
False
Suppose -5*m = w - 11365, 4*m - 3*w - 8397 - 714 = 0. Suppose 5*d - m = -d. Is d a prime number?
True
Suppose 3*r - 7*r + 8 = 0. Suppose 0*n + 3*n - 3 = 0, -r*h + 4*n = -2142. Is h composite?
True
Let n = -6132 + 10603. Suppose -77995 + n = -12*l. Is l a prime number?
False
Let u(g) = g**3 - 3*g + 47374. Is u(0) a prime number?
False
Is 1121462 + 2/(-7 - -9) - (10 - 2) a composite number?
True
Suppose 726*m + 200776 = 730*m. Is m a composite number?
True
Suppose -26243231 = 70*a + 108*a - 207*a. Is a a composite number?
True
Let f be 5/(-4)*6662*-2. Suppose -5182 = 7*m - f. Is m a composite number?
True
Let g = -465 - -469. Suppose 2*v = -c + 13487, -v - g*v - 53948 = -4*c. Is c prime?
True
Let h = 458235 + -319742. Is h a prime number?
True
Is (-16)/((-272)/151827) + 0 + 8 a prime number?
False
Let a(c) = -160*c - 111. Let k be 22*11/(-33)*3/2. Is a(k) prime?
False
Suppose -13914 = -3*l - 3*t + 5862, 5*t = 20. Suppose 15473 = 3*g + 4*h, 2*g - 3726 = -2*h + l. Is g prime?
False
Suppose 2*a = 8*a - 18. Let u be 6800/18 + (-20)/(-90). Suppose -3*d + 535 = 2*m, -158 = -a*d - m + u. Is d a composite number?
False
Let m(t) = t**2 - 22*t - 3. Let s be m(23). Suppose -3*j + 12 = 0, -3*h = 16*j - s*j - 4307. Is h prime?
False
Suppose 67*j = 65*j - 40628. Let g = j + 29249. Is g prime?
False
Let u(x) = -146*x**3 + 4*x**2 + 11*x + 7. Let f be u(-3). Let r = f + -2740. Suppose 2*g = -2*g + r. Is g a prime number?
False
Let j(c) = 8380*c**3 - 2*c**2 + 8*c - 6. Let a be j(1). Suppose 0 = -2*r + 2*h + 2*h + a, 0 = -5*r - h + 20994. Is r a composite number?
True
Let b be 7/21*(4 - (-1 + -1)). Is 163*b - (24 - 19) prime?
False
Suppose 107*x - 12*x = 290443405. Is x a composite number?
True
Suppose 1149 = -11*i + 12*i. Let g = 1823 - i. Suppose -2*w + l = -1381, -l + g = w + 4*l. Is w a composite number?
True
Suppose -3*v - 47503 = -4*y, 5*y - 4*v + 7*v = 59399. Is y a composite number?
True
Is (2639534/24 + 4/(-16))*(2 - -1) prime?
True
Let t = 32 - -156. Suppose t = -5*u - 0*q + 2*q, 5*u = 4*q - 196. Let h = -17 - u. Is h a prime number?
True
Suppose -3*k + 4179 = 5*b, -3*k + 4176 = 9*b - 5*b. Let p = k - 495. Is p prime?
False
Let n be 25/(-5)*(-237)/(-15)*-4. Suppose 0 = -5*u - 5*h + 520, -2*h + n = 3*u - h. Is u a composite number?
True
Let h = 97 - 97. Suppose h = -70*l + 75*l - 20185. Is l prime?
False
Suppose 37*j + 47304 + 68358 = 0. Let x = 5263 + j. Is x prime?
True
Suppose -x = -11*x - 80. Is (3266/x)/(-5 + (-171)/(-36)) prime?
False
Suppose 0 = -2*x - 6, 42*a + 4*x = 41*a + 28787. Is a a composite number?
True
Let a = -1147 + 6561. Let k = -3267 + a. Is k composite?
True
Suppose 5*s = 95*s - 39083490. Is s prime?
True
Let v = 711051 + -460037. Is v a composite number?
True
Suppose k - 5*d + 7245 + 3008 = 0, -3*k - 30823 = d. Let q = k - -20604. Is q prime?
True
Suppose 3*p = 14 - 8. Suppose -2*c = 2*v + 1157 + 601, -2*v = -p*c + 1746. Let w = v + 1545. Is w composite?
True
Let d = -5275 + 1849. Let p = d - -7919. Is p prime?
True
Let z = -34324 - -57533. Is z a prime number?
True
Is 14 + 182/(-14) + 324510 composite?
True
Let v = 1831305 + -1182554. Is v a composite number?
True
Let y(a) = 427*a**3 - 27*a**2 + 2*a - 24. Let j be y(5). Suppose -74*p + j = -56*p. Is p a composite number?
False
Suppose 18 + 306 = 6*i. Suppose -4721 = -55*u + i*u. Is u a composite number?
False
Let d(c) = 248*c**2 - 8*c - 173. Let g(h) = 165*h**2 - 6*h - 115. Let u(w) = -5*d(w) + 8*g(w). Is u(-5) prime?
False
Let r(z) = 39*z**3 - 11*z**2 + 44*z - 85. Is r(8) a composite number?
False
Suppose 7360 = 2*s - 2942. Suppose -1101 + s = 2*i - 4*c, i - 1995 = -4*c. Suppose 3*v - i = 5548. Is v a composite number?
False
Let v(h) = -261*h - 9. Suppose x + 11 + 6 = 0. Let o be v(x). Suppose -3*z + o = 5*l, 3*l = -z - 2*z + 4422. Is z prime?
True
Let n(m) = -2*m**3 + m**2 - 16*m + 3. Suppose -w + g = 0, 6 = 3*w + w - 2*g. Let k(d) = d**3 + d**2 - d + 1. Let o(r) = w*k(r) + n(r). Is o(8) composite?
True
Let c(r) = 3885*r**2 - 7*r - 3. Is c(-10) a composite number?
False
Let a(h) = 414*h - 2. Let r be a(1). Let q be -4 - -3*r/4. Let o = q + -106. Is o a prime number?
True
Suppose -35*q = -31*q + 20, -3*q + 315101 = 4*d. Is d composite?
False
Suppose -24*d = -22*d. Suppose 0*n + 2*n - 4*t = 26, 0 = -2*n - 4*t - 14. Suppose -n*q + 921 = -d*q. Is q a prime number?
True
Let x = 15632 + -7396. Suppose -5*b + x = -3*o, -2*b - 4*o + 6576 = 2*b. Suppose b = 5*s + 111. Is s prime?
True
Let t be (0/4)/(3 - 2). Suppose t = -7*z + 2*z + 15. Suppose s = -3*p + 422, 3*s - 649 + 217 = -z*p. Is p composite?
False
Let j(q) = 192*q**3 - 13*q**2 + 56*q - 121. Is j(6) a prime number?
False
Let v(a) = 11*a**2 - 5*a + 11. Let d(o) = 23*o**2 - 10*o + 22. Let j(c) = -4*d(c) + 9*v(c). Suppose 0*q - 33 = -3*q. Is j(q) a prime number?
False
Suppose 0 = 6*u - 4*u + u. Suppose -q = -u*q - z - 2205, 3*q - 2*z = 6613. Is q a prime number?
True
Suppose 0 = 11*l - 49380 - 224575. Suppose -l = -9*p + 445426. Is p a prime number?
True
Suppose -5*w + 4*n = -95511, 4*w - 10*n = -13*n + 76415. Is w composite?
True
Suppose -144*f + 148*f - 628412 = 0. Is f a prime number?
True
Suppose 36*c - 5*c = 962581. Is c a composite number?
False
Let l = 330 + -322. Suppose 5*w + l*b - 2086 = 11*b, -2*b = 2*w - 844. Is w a prime number?
True
Let o(z) = -z**2 + 20*z - 96. Let d be o(9). Is 21203/39 + 4/d a prime number?
False
Suppose 2*t + 13 = 17. Let h be ((-48)/4)/(t/(-47)). Let a = h + -196. Is a composite?
True
Suppose -3*t + 4*z + 99419 = 0, -115*z + 119*z = -t + 33113. Is t a prime number?
False
Let g(f) = -2*f**3 - 10*f**2 - 2*f + 1. Let l be 2 + -1 + (-76)/(-2). Let k = -46 + l. Is g(k) a composite number?
False
Suppose -54*i - 667277 = -67*i. Is i a prime number?
True
Let z(l) = -1174